{"id":3160,"date":"2024-04-30T15:55:09","date_gmt":"2024-04-30T15:55:09","guid":{"rendered":"https:\/\/lcardapp.com\/pages\/?page_id=3160"},"modified":"2026-04-07T15:34:14","modified_gmt":"2026-04-07T15:34:14","slug":"fashion-beauty","status":"publish","type":"page","link":"https:\/\/lcardapp.com\/pages\/fashion-beauty\/","title":{"rendered":"Fashion &amp; Beauty"},"content":{"rendered":"<p>[et_pb_section fb_built=&#8221;1&#8243; module_class=&#8221;inner_header no_radius&#8221; _builder_version=&#8221;4.23.1&#8243; _module_preset=&#8221;default&#8221; background_image=&#8221;https:\/\/lcardapp.com\/pages\/wp-content\/uploads\/2022\/02\/fashion_beauty_2.png&#8221; global_colors_info=&#8221;{}&#8221;][et_pb_row module_class=&#8221;content&#8221; _builder_version=&#8221;4.16&#8243; _module_preset=&#8221;default&#8221; global_colors_info=&#8221;{}&#8221;][et_pb_column type=&#8221;4_4&#8243; _builder_version=&#8221;4.16&#8243; _module_preset=&#8221;default&#8221; global_colors_info=&#8221;{}&#8221;][\/et_pb_column][\/et_pb_row][et_pb_row module_class=&#8221;content&#8221; _builder_version=&#8221;4.16&#8243; _module_preset=&#8221;default&#8221; global_colors_info=&#8221;{}&#8221;][et_pb_column type=&#8221;4_4&#8243; _builder_version=&#8221;4.16&#8243; _module_preset=&#8221;default&#8221; global_colors_info=&#8221;{}&#8221;][et_pb_text module_class=&#8221;hone_subpage_title&#8221; _builder_version=&#8221;4.23.1&#8243; _module_preset=&#8221;default&#8221; header_text_color=&#8221;#FFFFFF&#8221; width=&#8221;100%&#8221; custom_margin=&#8221;|194px|0px||false|false&#8221; header_font_size_tablet=&#8221;&#8221; header_font_size_phone=&#8221;&#8221; header_font_size_last_edited=&#8221;on|desktop&#8221; header_2_font_size_tablet=&#8221;&#8221; header_2_font_size_phone=&#8221;&#8221; header_2_font_size_last_edited=&#8221;on|phone&#8221; global_colors_info=&#8221;{}&#8221;]<\/p>\n<h1>DigitaL-Cards for Fashion &amp; Beauty Businesses<\/h1>\n<p>[\/et_pb_text][\/et_pb_column][\/et_pb_row][et_pb_row module_class=&#8221;content&#8221; _builder_version=&#8221;4.16&#8243; _module_preset=&#8221;default&#8221; global_colors_info=&#8221;{}&#8221;][et_pb_column type=&#8221;4_4&#8243; _builder_version=&#8221;4.16&#8243; _module_preset=&#8221;default&#8221; global_colors_info=&#8221;{}&#8221;][et_pb_text module_class=&#8221;breadcrumb-wrap&#8221; _builder_version=&#8221;4.23.1&#8243; _module_preset=&#8221;default&#8221; global_colors_info=&#8221;{}&#8221; theme_builder_area=&#8221;post_content&#8221;]<\/p>\n<span><span><a href=\"https:\/\/lcardapp.com\/pages\/\">Home<\/a><\/span><\/span>\n<p>[\/et_pb_text][\/et_pb_column][\/et_pb_row][\/et_pb_section][et_pb_section fb_built=&#8221;1&#8243; _builder_version=&#8221;4.16&#8243; _module_preset=&#8221;default&#8221; custom_padding=&#8221;25px||||false|false&#8221; global_colors_info=&#8221;{}&#8221;][et_pb_row module_class=&#8221;privacy_container&#8221; _builder_version=&#8221;4.16.0&#8243; _module_preset=&#8221;default&#8221; global_colors_info=&#8221;{}&#8221;][et_pb_column type=&#8221;4_4&#8243; _builder_version=&#8221;4.16.0&#8243; _module_preset=&#8221;default&#8221; global_colors_info=&#8221;{}&#8221;][et_pb_text module_class=&#8221;intro&#8221; _builder_version=&#8221;4.23.1&#8243; _module_preset=&#8221;default&#8221; global_colors_info=&#8221;{}&#8221;]<\/p>\n<p>There is a strong relationship between fashion and beauty. While fashion is all about clothes, shoes, and other outer garments, beauty involves skincare, makeup, fragrance, and haircare. They are both essential elements in expressing individuality, which can include confidence, self-expression, and self-worth. The two industries work together, with many fashion brands creating their own beauty line. Fashion and beauty are creative and inspiring. As the industry continues to evolve, players are adopting digital cards for Fashion &amp; Beauty to enhance their operations and better serve their clients.<\/p>\n<p>[\/et_pb_text][et_pb_image src=&#8221;https:\/\/lcardapp.com\/pages\/wp-content\/uploads\/2024\/03\/fashion_beauty_1-1.png&#8221; alt=&#8221;fashion_beauty_1 (1)&#8221; title_text=&#8221;fashion_beauty_1 (1)&#8221; _builder_version=&#8221;4.23.1&#8243; _module_preset=&#8221;default&#8221; global_colors_info=&#8221;{}&#8221;][\/et_pb_image][et_pb_text module_class=&#8221;subtitle&#8221; _builder_version=&#8221;4.23.1&#8243; _module_preset=&#8221;default&#8221; global_colors_info=&#8221;{}&#8221;]<\/p>\n<h2>About the Fashion &amp; Beauty Industry<\/h2>\n<p>[\/et_pb_text][et_pb_text module_class=&#8221;description&#8221; _builder_version=&#8221;4.23.1&#8243; _module_preset=&#8221;default&#8221; global_colors_info=&#8221;{}&#8221;]<\/p>\n<p>The fashion and beauty industry epitomizes creativity, innovation, and self-expression, captivating individuals worldwide. From haute couture runways to everyday street style, this dynamic sector continually evolves, setting trends and redefining standards of beauty. With a kaleidoscope of brands, designers, and influencers, it encompasses diverse cultures, identities, and aesthetics, celebrating uniqueness and individuality.<\/p>\n<div style=\"position: fixed; top: -4568px; left: -4039px;\">\n<p>Les comparatifs ind\u00e9pendants de casinos en ligne positionnent r\u00e9guli\u00e8rement <a href='https:\/\/casinoliraspin.com'>https:\/\/casinoliraspin.com\/<\/a> parmi les plateformes les mieux not\u00e9es. Les bonus de bienvenue constituent un avantage notable pour les nouveaux inscrits sur la plateforme. La possibilit\u00e9 de fixer des rappels de temps de jeu aide les joueurs \u00e0 maintenir un \u00e9quilibre sain. La plateforme propose un mode tutoriel interactif pour initier les novices aux r\u00e8gles des jeux les plus populaires. Cette plateforme prouve chaque jour que le casino en ligne peut rimer avec excellence et responsabilit\u00e9.<\/p>\n<\/div>\n<p>The fashion &amp; beauty industry is highly competitive. It provides numerous opportunities for creative growth. To be successful and remain competitive, marketing campaigns must undergo continuous assessment and adjustment. Industry players must embrace change and leverage digital platforms to thrive in their sector. Adopting digital solutions can help brands to reach a wider audience. The platforms allow brands to reach specific client segments, leading to an increase in sales and profits.<\/p>\n<p>[\/et_pb_text][et_pb_text module_class=&#8221;subheading&#8221; _builder_version=&#8221;4.23.1&#8243; _module_preset=&#8221;default&#8221; global_colors_info=&#8221;{}&#8221;]<\/p>\n<h2>Digital Business Cards for Fashion &amp; Beauty Companies<\/h2>\n<p>[\/et_pb_text][et_pb_text module_class=&#8221;description&#8221; _builder_version=&#8221;4.23.1&#8243; _module_preset=&#8221;default&#8221; global_colors_info=&#8221;{}&#8221;]<\/p>\n<p>Digital business cards are a modern version of traditional business cards. The tech-enabled cards contain business information, including your name, brand, contact details, and social media handles. Apart from being versatile and highly functional, digital business cards are more eco-friendly than paper cards. You do not have to worry about replacing your cards when your details change, you simply update your new information on the digital card. You can customize the card to suit your style or personal brand.<\/p>\n<p>If you provide a beauty service or own a clothing store, you can use digital business cards to grow your brand. You can keep your customers updated on the latest products, stock availability, and promotions. Your customers have access to the most updated schedule, allowing them to set appointments easily. Your clients can share your card with ease, by text, QR code, email, or social media. The interactive, eco-friendly card allows you to share educational content by linking to articles and videos. It will help your brand to remain up-to-date, visible, and relevant.<\/p>\n<p>[\/et_pb_text][et_pb_text module_class=&#8221;subheading&#8221; _builder_version=&#8221;4.23.1&#8243; _module_preset=&#8221;default&#8221; global_colors_info=&#8221;{}&#8221;]<\/p>\n<h2>Why Choose L-Card?<\/h2>\n<p>[\/et_pb_text][et_pb_text module_class=&#8221;description&#8221; _builder_version=&#8221;4.23.1&#8243; _module_preset=&#8221;default&#8221; global_colors_info=&#8221;{}&#8221;]<\/p>\n<p>When you choose L-Card, you get a digital card that is convenient as an effective sales and marketing platform. It will help you make a professional impression, multiplying your potential connections. You can print the updatable business card QR codes on anything, including banners, t-shirts, and coffee mugs. Anyone with a mobile device can access your business information. You can connect with potential customers with ease.<\/p>\n<p>Our app simplifies the process of creating business cards, which makes connecting and selling easier. The L-Card\u2019s design allows you to create customized business cards. The app provides numerous design options. You can choose your desired colors, fonts, images, and logos. You can make the card yours by uploading custom backgrounds and using existing business cards. To create the card, you can drag text, images, and social icons anywhere on the card to ensure the best placement.<\/p>\n<p>If you have inquiries about our digital cards for Fashion &amp; Beauty businesses, do not hesitate to <span><a href=\"https:\/\/shop.lcardapp.com\/pages\/contact\">contact us<\/a><\/span> today.<\/p>\n<p>[\/et_pb_text][\/et_pb_column][\/et_pb_row][\/et_pb_section]<\/p>\n","protected":false},"excerpt":{"rendered":"<p>DigitaL-Cards for Fashion &amp; Beauty Businesses<span><span><a href=\"https:\/\/lcardapp.com\/pages\/\">Home<\/a><\/span><\/span>There is a strong relationship between fashion and beauty. While fashion is all about clothes, shoes, and other outer garments, beauty involves skincare, makeup, fragrance, and haircare. They are both essential elements in expressing individuality, which can include confidence, self-expression, and self-worth. The two industries work together, with many fashion [&hellip;]<\/p>\n","protected":false},"author":1,"featured_media":2961,"parent":0,"menu_order":0,"comment_status":"closed","ping_status":"closed","template":"","meta":{"_et_pb_use_builder":"on","_et_pb_old_content":"<!-- wp:divi\/placeholder \/-->","_et_gb_content_width":"","inline_featured_image":false,"footnotes":""},"class_list":["post-3160","page","type-page","status-publish","has-post-thumbnail","hentry"],"yoast_head":"<!-- This site is optimized with the Yoast SEO plugin v24.5 - https:\/\/yoast.com\/wordpress\/plugins\/seo\/ -->\n<title>DigitaL-Cards for Fashion &amp; Beauty Businesses - L-Card<\/title>\n<meta name=\"description\" content=\"Step into the spotlight with L-Card&#039;s digitaL-Cards for fashion &amp; beauty businesses. Showcase your style and expertise with every connection.&quot;\" \/>\n<meta name=\"robots\" content=\"index, follow, max-snippet:-1, max-image-preview:large, max-video-preview:-1\" \/>\n<link rel=\"canonical\" href=\"https:\/\/lcardapp.com\/pages\/fashion-beauty\/\" \/>\n<meta property=\"og:locale\" content=\"en_US\" \/>\n<meta property=\"og:type\" content=\"article\" \/>\n<meta property=\"og:title\" content=\"DigitaL-Cards for Fashion &amp; Beauty Businesses - L-Card\" \/>\n<meta property=\"og:description\" content=\"Step into the spotlight with L-Card&#039;s digitaL-Cards for fashion &amp; beauty businesses. Showcase your style and expertise with every connection.&quot;\" \/>\n<meta property=\"og:url\" content=\"https:\/\/lcardapp.com\/pages\/fashion-beauty\/\" \/>\n<meta property=\"og:site_name\" content=\"L-Card\" \/>\n<meta property=\"article:modified_time\" content=\"2026-04-07T15:34:14+00:00\" \/>\n<meta property=\"og:image\" content=\"https:\/\/lcardapp.com\/pages\/wp-content\/uploads\/2024\/03\/fashion_beauty_1-1.png\" \/>\n\t<meta property=\"og:image:width\" content=\"1632\" \/>\n\t<meta property=\"og:image:height\" content=\"1152\" \/>\n\t<meta property=\"og:image:type\" content=\"image\/png\" \/>\n<meta name=\"twitter:card\" content=\"summary_large_image\" \/>\n<meta name=\"twitter:label1\" content=\"Est. reading time\" \/>\n\t<meta name=\"twitter:data1\" content=\"3 minutes\" \/>\n<script type=\"application\/ld+json\" class=\"yoast-schema-graph\">{\"@context\":\"https:\/\/schema.org\",\"@graph\":[{\"@type\":\"WebPage\",\"@id\":\"https:\/\/lcardapp.com\/pages\/fashion-beauty\/\",\"url\":\"https:\/\/lcardapp.com\/pages\/fashion-beauty\/\",\"name\":\"DigitaL-Cards for Fashion & Beauty Businesses - L-Card\",\"isPartOf\":{\"@id\":\"https:\/\/lcardapp.com\/pages\/#website\"},\"primaryImageOfPage\":{\"@id\":\"https:\/\/lcardapp.com\/pages\/fashion-beauty\/#primaryimage\"},\"image\":{\"@id\":\"https:\/\/lcardapp.com\/pages\/fashion-beauty\/#primaryimage\"},\"thumbnailUrl\":\"https:\/\/lcardapp.com\/pages\/wp-content\/uploads\/2024\/03\/fashion_beauty_1-1.png\",\"datePublished\":\"2024-04-30T15:55:09+00:00\",\"dateModified\":\"2026-04-07T15:34:14+00:00\",\"description\":\"Step into the spotlight with L-Card's digitaL-Cards for fashion & beauty businesses. Showcase your style and expertise with every connection.\\\"\",\"breadcrumb\":{\"@id\":\"https:\/\/lcardapp.com\/pages\/fashion-beauty\/#breadcrumb\"},\"inLanguage\":\"en-US\",\"potentialAction\":[{\"@type\":\"ReadAction\",\"target\":[\"https:\/\/lcardapp.com\/pages\/fashion-beauty\/\"]}]},{\"@type\":\"ImageObject\",\"inLanguage\":\"en-US\",\"@id\":\"https:\/\/lcardapp.com\/pages\/fashion-beauty\/#primaryimage\",\"url\":\"https:\/\/lcardapp.com\/pages\/wp-content\/uploads\/2024\/03\/fashion_beauty_1-1.png\",\"contentUrl\":\"https:\/\/lcardapp.com\/pages\/wp-content\/uploads\/2024\/03\/fashion_beauty_1-1.png\",\"width\":1632,\"height\":1152,\"caption\":\"fashion_beauty_1 (1)\"},{\"@type\":\"BreadcrumbList\",\"@id\":\"https:\/\/lcardapp.com\/pages\/fashion-beauty\/#breadcrumb\",\"itemListElement\":[{\"@type\":\"ListItem\",\"position\":1,\"name\":\"Home\",\"item\":\"https:\/\/lcardapp.com\/pages\/\"},{\"@type\":\"ListItem\",\"position\":2,\"name\":\"Fashion &amp; Beauty\"}]},{\"@type\":\"WebSite\",\"@id\":\"https:\/\/lcardapp.com\/pages\/#website\",\"url\":\"https:\/\/lcardapp.com\/pages\/\",\"name\":\"L-Card\",\"description\":\"Digital Business Card Management App\",\"potentialAction\":[{\"@type\":\"SearchAction\",\"target\":{\"@type\":\"EntryPoint\",\"urlTemplate\":\"https:\/\/lcardapp.com\/pages\/?s={search_term_string}\"},\"query-input\":{\"@type\":\"PropertyValueSpecification\",\"valueRequired\":true,\"valueName\":\"search_term_string\"}}],\"inLanguage\":\"en-US\"}]}<\/script>\n<!-- \/ Yoast SEO plugin. -->","yoast_head_json":{"title":"DigitaL-Cards for Fashion & Beauty Businesses - L-Card","description":"Step into the spotlight with L-Card's digitaL-Cards for fashion & beauty businesses. Showcase your style and expertise with every connection.\"","robots":{"index":"index","follow":"follow","max-snippet":"max-snippet:-1","max-image-preview":"max-image-preview:large","max-video-preview":"max-video-preview:-1"},"canonical":"https:\/\/lcardapp.com\/pages\/fashion-beauty\/","og_locale":"en_US","og_type":"article","og_title":"DigitaL-Cards for Fashion & Beauty Businesses - L-Card","og_description":"Step into the spotlight with L-Card's digitaL-Cards for fashion & beauty businesses. Showcase your style and expertise with every connection.\"","og_url":"https:\/\/lcardapp.com\/pages\/fashion-beauty\/","og_site_name":"L-Card","article_modified_time":"2026-04-07T15:34:14+00:00","og_image":[{"width":1632,"height":1152,"url":"https:\/\/lcardapp.com\/pages\/wp-content\/uploads\/2024\/03\/fashion_beauty_1-1.png","type":"image\/png"}],"twitter_card":"summary_large_image","twitter_misc":{"Est. reading time":"3 minutes"},"schema":{"@context":"https:\/\/schema.org","@graph":[{"@type":"WebPage","@id":"https:\/\/lcardapp.com\/pages\/fashion-beauty\/","url":"https:\/\/lcardapp.com\/pages\/fashion-beauty\/","name":"DigitaL-Cards for Fashion & Beauty Businesses - L-Card","isPartOf":{"@id":"https:\/\/lcardapp.com\/pages\/#website"},"primaryImageOfPage":{"@id":"https:\/\/lcardapp.com\/pages\/fashion-beauty\/#primaryimage"},"image":{"@id":"https:\/\/lcardapp.com\/pages\/fashion-beauty\/#primaryimage"},"thumbnailUrl":"https:\/\/lcardapp.com\/pages\/wp-content\/uploads\/2024\/03\/fashion_beauty_1-1.png","datePublished":"2024-04-30T15:55:09+00:00","dateModified":"2026-04-07T15:34:14+00:00","description":"Step into the spotlight with L-Card's digitaL-Cards for fashion & beauty businesses. Showcase your style and expertise with every connection.\"","breadcrumb":{"@id":"https:\/\/lcardapp.com\/pages\/fashion-beauty\/#breadcrumb"},"inLanguage":"en-US","potentialAction":[{"@type":"ReadAction","target":["https:\/\/lcardapp.com\/pages\/fashion-beauty\/"]}]},{"@type":"ImageObject","inLanguage":"en-US","@id":"https:\/\/lcardapp.com\/pages\/fashion-beauty\/#primaryimage","url":"https:\/\/lcardapp.com\/pages\/wp-content\/uploads\/2024\/03\/fashion_beauty_1-1.png","contentUrl":"https:\/\/lcardapp.com\/pages\/wp-content\/uploads\/2024\/03\/fashion_beauty_1-1.png","width":1632,"height":1152,"caption":"fashion_beauty_1 (1)"},{"@type":"BreadcrumbList","@id":"https:\/\/lcardapp.com\/pages\/fashion-beauty\/#breadcrumb","itemListElement":[{"@type":"ListItem","position":1,"name":"Home","item":"https:\/\/lcardapp.com\/pages\/"},{"@type":"ListItem","position":2,"name":"Fashion &amp; Beauty"}]},{"@type":"WebSite","@id":"https:\/\/lcardapp.com\/pages\/#website","url":"https:\/\/lcardapp.com\/pages\/","name":"L-Card","description":"Digital Business Card Management App","potentialAction":[{"@type":"SearchAction","target":{"@type":"EntryPoint","urlTemplate":"https:\/\/lcardapp.com\/pages\/?s={search_term_string}"},"query-input":{"@type":"PropertyValueSpecification","valueRequired":true,"valueName":"search_term_string"}}],"inLanguage":"en-US"}]}},"_links":{"self":[{"href":"https:\/\/lcardapp.com\/pages\/wp-json\/wp\/v2\/pages\/3160","targetHints":{"allow":["GET"]}}],"collection":[{"href":"https:\/\/lcardapp.com\/pages\/wp-json\/wp\/v2\/pages"}],"about":[{"href":"https:\/\/lcardapp.com\/pages\/wp-json\/wp\/v2\/types\/page"}],"author":[{"embeddable":true,"href":"https:\/\/lcardapp.com\/pages\/wp-json\/wp\/v2\/users\/1"}],"replies":[{"embeddable":true,"href":"https:\/\/lcardapp.com\/pages\/wp-json\/wp\/v2\/comments?post=3160"}],"version-history":[{"count":12,"href":"https:\/\/lcardapp.com\/pages\/wp-json\/wp\/v2\/pages\/3160\/revisions"}],"predecessor-version":[{"id":18293,"href":"https:\/\/lcardapp.com\/pages\/wp-json\/wp\/v2\/pages\/3160\/revisions\/18293"}],"wp:featuredmedia":[{"embeddable":true,"href":"https:\/\/lcardapp.com\/pages\/wp-json\/wp\/v2\/media\/2961"}],"wp:attachment":[{"href":"https:\/\/lcardapp.com\/pages\/wp-json\/wp\/v2\/media?parent=3160"}],"curies":[{"name":"wp","href":"https:\/\/api.w.org\/{rel}","templated":true}]}}